e -1 - ((-1 - 20) + 43).
-23
What is (-1 - 11) + (20 - 1) - (2 + 23)?
-18
What is -22 + -2 - (-21 - (-17 + 5))?
-15
What is the value of -35 + 15 - (-11 + 3 + -2)?
-10
Calculate -26 - (-43 + 6 + -12).
23
What is -9 - (-15 + -5 + -4 + -3)?
18
What is the value of -2 + 11 + (89 - 99)?
-1
Evaluate 1 - (-5 + 6 + (-9 - -29)).
-20
Calculate 5 - (5 + (-13 - -16) + 1 + -7).
3
What is (-6 - (-6 - 2)) + -8 - 12?
-18
Calculate 28 + -11 + -26 + 11 + -2.
0
What is the value of (-4 - -1) + -3 - (28 - (75 - 17))?
24
Calculate -27 + (15 - (-3 - -2)) - 14.
-25
Calculate -3 + (6 + (9 - -6) - 7).
11
(4 - -4) + (-12 - (-5 + -33)) + -10
24
10 - (27 + 0) - -33
16
Calculate 9 + (-21 + 4 - -7).
-1
Calculate -3 + -1 + -34 + 48.
10
Evaluate 4 + -17 + (-4 - -5) - 0.
-12
What is (-12 - -1) + 0 + (-93 - -103)?
-1
(-9 - -9) + -5 + 13 + 16 - 8
16
Calculate -6 + 4 + 8 + -6 + -6 + -7.
-13
Evaluate -1 + 3 + (2 - -12 - 7) + -5.
4
Evaluate -39 - (11 + 16 + -39).
-27
What is -20 + -12 + 12 + 2?
-18
16 + (7 - (-6 - -6 - -5))
18
Evaluate -73 + 35 + (62 - 22).
2
Evaluate (9 - (38 - 39)) + (-6 - -1).
5
220 - 215 - (-2 + 16 + -2)
-7
What is the value of 9 + (39 - 51 - (-2 - 8))?
7
Calculate -12 + 4 + 2 + -15 + 2.
-19
186 - 206 - ((0 - (0 + -2)) + -8)
-14
What is (-12 + 7 - 2) + -22 + -2 - -10?
-21
0 - 0 - (11 - -2) - (-342 - -337)
-8
20 + 5 + -4 - (3 - 9)
27
Calculate -12 + (-1 - (-9 + 0 + -1 + 6)).
-9
5 + 28 + -56 + 2
-21
-4 + (14 - 7 - 3) - -4
4
Evaluate 2 + 0 + (-11 + 9 + -9 - -13).
4
What is 7 + (-9 - 1) + 9?
6
Evaluate 309 + -307 + (-1 - (-6 - 0)).
7
What is the value of 8 - ((-20 - (-6 - -1)) + 18)?
5
What is the value of 1 + -18 + 10 - -28 - 11?
10
0 - (-4 + (6 - 12) - -7)
3
What is the value of 8 - (5 + -4 + 7)?
0
What is (-1 - -5) + (1 - 8) - -4 - 6?
-5
-8 + (43 + -5 + -2 - (9 - 10))
29
What is the value of -2 + (-20 - 5 - -11)?
-16
(-27 - -35) + (9 - 5)
12
Calculate -28 + (14 - 0) + 10.
-4
Evaluate -35 - (-46 + 22 + -19).
8
-17 + -1 + 0 + (-629 - -638) - -8
-1
What is 1 + 2 - (9 + 1 - 3)?
-4
1 + 0 + -96 + 89 + -5
-11
Calculate -2 + 12 + -16 + 11 - (-15 + -1).
21
Evaluate (-9 - -5) + 7 + 1.
4
What is the value of (15 - 7) + 15 - 49?
-26
Evaluate (59 - 73 - 18) + (10 - -1).
-21
What is the value of -9 + -20 + 0 + 19?
-10
What is the value of 16 + 20 + -29 + -6?
1
What is 17 - (16 + 8) - 14?
-21
-42 + 43 + (-7 + -6 - -3)
-9
What is the value of -26 + 28 - (-5 + -5)?
12
Evaluate -3 + 12 + -5 + -7.
-3
What is (-8 + 23 - -1 - 12) + (1 - 28)?
-23
Evaluate -4 + (0 - 2) - (6 + (2 - 6)).
-8
530 + -527 - ((0 - 1) + 8 + -1)
-3
What is the value of 2 + -4 + (-18 - -17 - -2)?
-1
What is 1 + (-4 + -2 - 2) + (3 - -4)?
0
What is 3 - ((-9 - 13) + 3)?
22
What is the value of 9 - (-7 + -1 + (-10 - -8))?
19
What is the value of -5 - -4 - (-13 - -8) - -7?
11
What is (444 - 430) + (-31 - 0)?
-17
What is (-6 - (-38 + 20)) + 0 - (3 + -3)?
12
What is the value of -26 + 18 + 13 + 15?
20
Calculate -5 + 0 - 1 - (3 + -6 - -6).
-9
-6 + (29 - -7 - (2 + -5))
33
Calculate 114 - 111 - (15 + -4 + -1 + 2).
-9
What is the value of 0 + 3 + -4 - -11 - (31 - -4)?
-25
Evaluate (96 - 92 - (-6 - -1)) + 9.
18
What is (2 - (1 - (6 - 8))) + 5?
4
Evaluate (-243 - -255) + (1 - -2 - 8).
7
Calculate (-27 - (10 - 24)) + 8.
-5
-9 + 9 + (27 - 38)
-11
Evaluate -12 + 6 + -2 - -5.
-3
Calculate (21 - 3) + (33 - 34) + -3 + 2.
16
Evaluate (-4 - 0) + 4 + 1 + 20.
21
What is the value of 0 + -13 + 2 + -3?
-14
Calculate (3 - (12 - 2)) + -26 + -7 + 13.
-27
33 - (-6 - 9 - -12)
36
What is -5 - (-1 - -1 - (1 - -10))?
6
What is 4 + -1 + -6 + 0 + 1 + 0?
-2
Calculate 1 + 8 - (-3 + -7 - (-17 + 1)).
3
What is 3 - (-2 + -1 - (-12 + 11 + -3))?
2
Calculate -1 - -22 - (709 - 682).
-6
What is -29 + (-5 - (-13 - -25) - -7)?
-39
What is (-10 - (-3 + -4) - (3 - 2)) + 11?
7
What is -6 - (4 - 1) - (-48 - (39 - 69))?
9
Evaluate -2 - ((8 - 8) + -10 + 6).
2
What is the value of 36 - 9 - 44 - (-2 - 2)?
-13
What is the value of 0 - ((-7 - (-1 + -5)) + 33 + -10)?
-22
What is the value of 9 + -1 - 3 - (2 + -2)?
5
What is (26 - (0 - -1)) + (-117 - -47) + 65?
20
Calculate 5 + (11 - -28 - 23).
21
Calculate 1 - (-6 + (-6 - -9 - -2)).
2
What is the value of (-5 - -1) + (0 - -6) - -2?
4
What is the value of -1 - ((18 - (53 - 19)) + (1 - -5))?
9
What is -9 + 1 - (-19 + (22 - 13))?
2
Calculate 7 + (8 + -4 - (0 + 16 + 4)).
-9
What is the value of (-1 - (2 - -2)) + 41 + (-54 - -9)?
-9
Calculate -5 + -11 + (-2 - 8 - -31) + 4.
9
What is the value of 1 + -2 + (8 - 5) + -4?
-2
Evaluate 7 + -3 + (24 - (-24 - -47)).
5
Evaluate -5 - (12 + -34) - 3.
14
Evaluate 13 + (-7 - (-8 - 10)) + -44.
-20
11 + 2 + -8 - 8 - -8
5
What is the value of -151 + 165 + 1 + -5?
10
What is the value of 4 - ((-27 - -24) + (5 - (2 + -2)))?
2
Evaluate 8 + -11 - (4 + (-3 - 5) + 0).
1
(36 - (25 + -13) - 10) + -39
-25
Evaluate 18 - (-28 + (72 - 26)).
0
110 - 110 - (0 + -1 + 4)
-3
What is the value of (-33 - -15 - -18) + (-3 - 5) - -19?
11
(-8 - 13) + 3 + 24
6
Evaluate 1 + -28 + (-31 - -87).
29
Evaluate -29 - ((12 - 7) + -25).
-9
Calculate 3 - 10 - (5 + -1 + -15) - 17.
-13
Evaluate (-10 - (5 + -5)) + 5.
-5
What is the value of -2 + (3 + 11 - 23)?
-11
What is the value of -5 - (-3 - 1) - (9 + -18)?
8
What is -29 + 39 + 7 - (50 + 4)?
-37
Calculate 19 - (-20 - (-63 - -19)) - (0 - 12).
7
Calculate -2 - (-11 + 18 + 5).
-14
Evaluate (27 - (50 - 25)) + (-6 - -3 - 12).
-13
Calculate (9 - (4 + -6)) + -7.
4
-3 - (0 + 15 - (-36 + 40))
-14
What is the value of 2 + -23 + 9 + 20?
8
Evaluate -19 + -23 + 6 + 18 + -20.
-38
What is the value of 0 - (-9 - (12 - 25)) - (2 - -5)?
-11
Calculate -1 + -9 - (20 - 21) - -18.
9
What is (4 + 15 - -6) + -13?
12
Evaluate -13 - (-21 - (-1 - 2)).
5
Calculate (-30 - (31 + -53)) + 42.
34
Evaluate -16 + (15 - 7) - -8.
0
-2 + (31 + -27 - (2 - 0))
0
-26 + 21 + -1 + 3
-3
Calculate -57 + 40 - (-13 - -1).
-5
Calculate -4 + 8 - (-6 + 2).
8
What is (3 - -2) + (-725 - -704)?
-16
Evaluate -19 - (0 + -1 + 2 + (15 - 13)).
-22
What is the value of -424 + 443 + 0 + -28?
-9
What is the value of (6 - 6 - (-6 - (1 + -2))) + -2?
3
Calculate 14 + -1 - 33 - -3 - -44.
27
1 - 9 - (-196 - -199)
-11
What is (-28 - -31 - -27) + -12?
18
9 - ((3 - (-1 - -2)) + -3 - -4)
6
Calculate 1 - 1 - 2 - (12 - 10) - -6.
2
Calculate -4 + 15 + (0 + 2 - 13) + 8.
8
What is -12 - (-11 + -8) - -16 - 12?
11
What is -19 - ((-6 - 17) + 6)?
-2
Calculate -3 - ((-2 - (-1 - 1)) + -83 + 95).
-15
Calculate 0 - (2 + 4 + -9) - 9 - -7.
1
What is 5 - (1 + (-12 - -17)) - 9?
-10
What is the value of -13 + (28 - (12 - -6))?
-3
What is the value of -1 + -6 + 9 + 1 - -5?
8
Calculate -3 + -3 + 5 + -3 - (-39 + 16).
19
Evaluate 164 + -163 - (1 + 10).
-10
9 - ((17 - -12) + -18)
-2
Evaluate -2 + (1 - (-2 + 2) - 4).
-5
What is the value of 45 - ((18 - 12) + 12) - -8?
35
Calculate 2 + -2 + -17 + 28.
11
-4 + 2 - (29 - 15 - 3)
-13
Calculate -20 - (-27 + 33 + -19).
-7
Calculate 12 + 40 + -19 + -18.
15
What is 62 - 57 - (6 + 19 + (2 - 2))?
-20
What is the value of 2 + -14 - (-8 + 5 + 7 + -6)?
-10
Evaluate -19 + 27 + 5 + (1 - 7).
7
Evaluate (22 - 28) + (15 - 3).
6
Evaluate -7 + (-8 - (-26 + -5)).
16
Evaluate (11 - (19 + 6)) + (5 - -3) + 3.
-3
Evaluate -2 + -10 + 22 - 6.
4
What is -14 - (-61 + (12 - (-14 + 9)))?
30
Evaluate -7 + (-17 - -41) - (1 - 0).
16
Calculate -21 + 35 + -18 + -21.
-25
What is the value of -41 + (-16 - (-11 - 11))?
-35
What is the value of 15 - (13 + -5 + 4)?
3
What is 0 + -2 + (-43 - -22) + 17 + -10?
-16
What is the value of (-106 - -121) + -3 + 1?
13
Evaluate 37 + (62 - 77) + -2 + 0.
20
Evaluate -11 + -26 + 5 + 20.
-12
What is -2 + -6 - (15 + (-71 - -25))?
23
What is -1 - (1 - 0 - (-14 + -15 + 9))?
-22
31 + 0 + -15 + 77 + -72
21
Evaluate (-4 + -10 - 1) + (211 - 194).
2
Evaluate -9 + (0 - (-19 + 6 - 8)).
12
What is the value of (-2 - -4) + (3 - -4 - (1 - -8))?
0
What is the value of 0 + -4 + (-17 - (-17 - 5))?
1
Evaluate (-8 - (-7 - -19)) + (18 + -9 - 11).
-22
What is the value of 10 + 0 + (-13 + 34 + -4 - 11)?
16
What is -3 + -3 + 1 + (29 - 18)?
6
-8 + 5 + (-1 + 8 - 4) + -2
-2
Calculate -2 + 8 + (13 - 34).
-15
12 - 32 - -57 - 21
16
(-1 - 17) + 60 + -39
3
Calculate -1 - 27 - (2742 - 2749).
-21
Evaluate 11 - -13 - 14 - 10 - (12 + 1).
-13
Calculate (-1 - (-6 - -7) - -6) + 22.
26
What is the value of -17 - (4 - (12 - -10))?
1
What is -11 + 1 -